[INFO] fetching crate fuzzy_dbscan 0.3.0...
[INFO] checking fuzzy_dbscan-0.3.0 against master#cfbc6d4cf1acbac5c025acf8ed68929caa551df3 for pr-75494-beta
[INFO] extracting crate fuzzy_dbscan 0.3.0 into /workspace/builds/worker-2/source
[INFO] validating manifest of crates.io crate fuzzy_dbscan 0.3.0 on toolchain cfbc6d4cf1acbac5c025acf8ed68929caa551df3
[INFO] running `Command { std: "/workspace/cargo-home/bin/cargo" "+cfbc6d4cf1acbac5c025acf8ed68929caa551df3" "read-manifest" "--manifest-path" "Cargo.toml", kill_on_drop: false }`
[INFO] started tweaking crates.io crate fuzzy_dbscan 0.3.0
[INFO] finished tweaking crates.io crate fuzzy_dbscan 0.3.0
[INFO] tweaked toml for crates.io crate fuzzy_dbscan 0.3.0 written to /workspace/builds/worker-2/source/Cargo.toml
[INFO] running `Command { std: "/workspace/cargo-home/bin/cargo" "+cfbc6d4cf1acbac5c025acf8ed68929caa551df3" "generate-lockfile" "--manifest-path" "Cargo.toml" "-Zno-index-update", kill_on_drop: false }`
[INFO] running `Command { std: "/workspace/cargo-home/bin/cargo" "+cfbc6d4cf1acbac5c025acf8ed68929caa551df3" "fetch" "--locked" "--manifest-path" "Cargo.toml", kill_on_drop: false }`
[INFO] [stderr]     Blocking waiting for file lock on package cache
[INFO] [stderr]  Downloading crates ...
[INFO] [stderr]   Downloaded commandext v0.1.0
[INFO] [stderr]   Downloaded utils v0.0.3
[INFO] running `Command { std: "docker" "create" "-v" "/var/lib/crater-agent-workspace/builds/worker-2/target:/opt/rustwide/target:rw,Z" "-v" "/var/lib/crater-agent-workspace/builds/worker-2/source:/opt/rustwide/workdir:ro,Z" "-v" "/var/lib/crater-agent-workspace/cargo-home:/opt/rustwide/cargo-home:ro,Z" "-v" "/var/lib/crater-agent-workspace/rustup-home:/opt/rustwide/rustup-home:ro,Z" "-e" "SOURCE_DIR=/opt/rustwide/workdir" "-e" "CARGO_TARGET_DIR=/opt/rustwide/target" "-e" "CARGO_HOME=/opt/rustwide/cargo-home" "-e" "RUSTUP_HOME=/opt/rustwide/rustup-home" "-w" "/opt/rustwide/workdir" "-m" "1610612736" "--user" "0:0" "--network" "none" "rustops/crates-build-env@sha256:a636fd89d022f18117e1dc8fb37a0a009933cdbbe082814857f0e2024962d47c" "/opt/rustwide/cargo-home/bin/cargo" "+cfbc6d4cf1acbac5c025acf8ed68929caa551df3" "metadata" "--no-deps" "--format-version=1", kill_on_drop: false }`
[INFO] [stdout] 23773ca7b1c26bc198b8031a6534742b08f3453aea6a88ef6da45cfd9eb925e8
[INFO] [stderr] WARNING: Your kernel does not support swap limit capabilities or the cgroup is not mounted. Memory limited without swap.
[INFO] running `Command { std: "docker" "start" "-a" "23773ca7b1c26bc198b8031a6534742b08f3453aea6a88ef6da45cfd9eb925e8", kill_on_drop: false }`
[INFO] running `Command { std: "docker" "inspect" "23773ca7b1c26bc198b8031a6534742b08f3453aea6a88ef6da45cfd9eb925e8", kill_on_drop: false }`
[INFO] running `Command { std: "docker" "rm" "-f" "23773ca7b1c26bc198b8031a6534742b08f3453aea6a88ef6da45cfd9eb925e8", kill_on_drop: false }`
[INFO] [stdout] 23773ca7b1c26bc198b8031a6534742b08f3453aea6a88ef6da45cfd9eb925e8
[INFO] running `Command { std: "docker" "create" "-v" "/var/lib/crater-agent-workspace/builds/worker-2/target:/opt/rustwide/target:rw,Z" "-v" "/var/lib/crater-agent-workspace/builds/worker-2/source:/opt/rustwide/workdir:ro,Z" "-v" "/var/lib/crater-agent-workspace/cargo-home:/opt/rustwide/cargo-home:ro,Z" "-v" "/var/lib/crater-agent-workspace/rustup-home:/opt/rustwide/rustup-home:ro,Z" "-e" "SOURCE_DIR=/opt/rustwide/workdir" "-e" "CARGO_TARGET_DIR=/opt/rustwide/target" "-e" "CARGO_INCREMENTAL=0" "-e" "RUST_BACKTRACE=full" "-e" "RUSTFLAGS=--cap-lints=forbid" "-e" "CARGO_HOME=/opt/rustwide/cargo-home" "-e" "RUSTUP_HOME=/opt/rustwide/rustup-home" "-w" "/opt/rustwide/workdir" "-m" "1610612736" "--user" "0:0" "--network" "none" "rustops/crates-build-env@sha256:a636fd89d022f18117e1dc8fb37a0a009933cdbbe082814857f0e2024962d47c" "/opt/rustwide/cargo-home/bin/cargo" "+cfbc6d4cf1acbac5c025acf8ed68929caa551df3" "check" "--frozen" "--all" "--all-targets" "--message-format=json", kill_on_drop: false }`
[INFO] [stdout] 79a5036b4a7c141094a2e30228ec4aeaa13bdf57f46c2fc916473d911f8e7240
[INFO] [stderr] WARNING: Your kernel does not support swap limit capabilities or the cgroup is not mounted. Memory limited without swap.
[INFO] running `Command { std: "docker" "start" "-a" "79a5036b4a7c141094a2e30228ec4aeaa13bdf57f46c2fc916473d911f8e7240", kill_on_drop: false }`
[INFO] [stderr]    Compiling autocfg v1.0.1
[INFO] [stderr]    Compiling proc-macro2 v1.0.19
[INFO] [stderr]    Compiling unicode-xid v0.2.1
[INFO] [stderr]    Compiling serde v1.0.115
[INFO] [stderr]     Checking lazy_static v1.4.0
[INFO] [stderr]    Compiling syn v1.0.39
[INFO] [stderr]     Checking cfg-if v0.1.10
[INFO] [stderr]    Compiling libc v0.2.76
[INFO] [stderr]    Compiling ryu v1.0.5
[INFO] [stderr]    Compiling maybe-uninit v2.0.0
[INFO] [stderr]    Compiling semver-parser v0.7.0
[INFO] [stderr]    Compiling wasm-bindgen-shared v0.2.67
[INFO] [stderr]    Compiling serde_json v1.0.57
[INFO] [stderr]    Compiling bumpalo v3.4.0
[INFO] [stderr]     Checking scopeguard v1.1.0
[INFO] [stderr]    Compiling rayon-core v1.7.1
[INFO] [stderr]     Checking either v1.6.0
[INFO] [stderr]    Compiling bitflags v1.2.1
[INFO] [stderr]     Checking rand_core v0.4.2
[INFO] [stderr]    Compiling serde_derive v1.0.115
[INFO] [stderr]     Checking unicode-width v0.1.8
[INFO] [stderr]     Checking same-file v1.0.6
[INFO] [stderr]     Checking commandext v0.1.0
[INFO] [stderr]    Compiling semver v0.9.0
[INFO] [stderr]     Checking itertools v0.8.2
[INFO] [stderr]    Compiling log v0.4.11
[INFO] [stderr]     Checking memchr v2.3.3
[INFO] [stderr]     Checking rand_core v0.3.1
[INFO] [stderr]     Checking textwrap v0.11.0
[INFO] [stderr]     Checking regex-automata v0.1.9
[INFO] [stderr]     Checking walkdir v2.3.1
[INFO] [stderr]     Checking utils v0.0.3
[INFO] [stderr]     Checking rand_xoshiro v0.1.0
[INFO] [stdout] error: cannot find attribute `experimental` in this scope
[INFO] [stdout]   --> /opt/rustwide/cargo-home/registry/src/github.com-1ecc6299db9ec823/utils-0.0.3/src/lib.rs:83:3
[INFO] [stdout]    |
[INFO] [stdout] 83 | #[experimental]
[INFO] [stdout]    |   ^^^^^^^^^^^^
[INFO] [stdout] 
[INFO] [stdout] 
[INFO] [stdout] error: cannot find attribute `experimental` in this scope
[INFO] [stdout]   --> /opt/rustwide/cargo-home/registry/src/github.com-1ecc6299db9ec823/utils-0.0.3/src/lib.rs:77:3
[INFO] [stdout]    |
[INFO] [stdout] 77 | #[experimental]
[INFO] [stdout]    |   ^^^^^^^^^^^^
[INFO] [stdout] 
[INFO] [stdout] 
[INFO] [stdout] error: cannot find attribute `experimental` in this scope
[INFO] [stdout]   --> /opt/rustwide/cargo-home/registry/src/github.com-1ecc6299db9ec823/utils-0.0.3/src/lib.rs:37:3
[INFO] [stdout]    |
[INFO] [stdout] 37 | #[experimental]
[INFO] [stdout]    |   ^^^^^^^^^^^^
[INFO] [stdout] 
[INFO] [stdout] 
[INFO] [stdout] error: cannot find attribute `experimental` in this scope
[INFO] [stdout]   --> /opt/rustwide/cargo-home/registry/src/github.com-1ecc6299db9ec823/utils-0.0.3/src/lib.rs:29:3
[INFO] [stdout]    |
[INFO] [stdout] 29 | #[experimental]
[INFO] [stdout]    |   ^^^^^^^^^^^^
[INFO] [stdout] 
[INFO] [stdout] 
[INFO] [stdout] error: cannot find attribute `experimental` in this scope
[INFO] [stdout]   --> /opt/rustwide/cargo-home/registry/src/github.com-1ecc6299db9ec823/utils-0.0.3/src/lib.rs:13:3
[INFO] [stdout]    |
[INFO] [stdout] 13 | #[experimental]
[INFO] [stdout]    |   ^^^^^^^^^^^^
[INFO] [stdout] 
[INFO] [stdout] 
[INFO] [stdout] error: cannot find attribute `experimental` in this scope
[INFO] [stdout]   --> /opt/rustwide/cargo-home/registry/src/github.com-1ecc6299db9ec823/utils-0.0.3/src/empty.rs:63:3
[INFO] [stdout]    |
[INFO] [stdout] 63 | #[experimental]
[INFO] [stdout]    |   ^^^^^^^^^^^^
[INFO] [stdout] 
[INFO] [stdout] 
[INFO] [stdout] error: cannot find attribute `experimental` in this scope
[INFO] [stdout]   --> /opt/rustwide/cargo-home/registry/src/github.com-1ecc6299db9ec823/utils-0.0.3/src/empty.rs:45:3
[INFO] [stdout]    |
[INFO] [stdout] 45 | #[experimental]
[INFO] [stdout]    |   ^^^^^^^^^^^^
[INFO] [stdout] 
[INFO] [stdout] 
[INFO] [stdout] error: cannot find attribute `experimental` in this scope
[INFO] [stdout]   --> /opt/rustwide/cargo-home/registry/src/github.com-1ecc6299db9ec823/utils-0.0.3/src/empty.rs:37:3
[INFO] [stdout]    |
[INFO] [stdout] 37 | #[experimental]
[INFO] [stdout]    |   ^^^^^^^^^^^^
[INFO] [stdout] 
[INFO] [stdout] 
[INFO] [stdout] error: cannot find attribute `experimental` in this scope
[INFO] [stdout]   --> /opt/rustwide/cargo-home/registry/src/github.com-1ecc6299db9ec823/utils-0.0.3/src/empty.rs:29:3
[INFO] [stdout]    |
[INFO] [stdout] 29 | #[experimental]
[INFO] [stdout]    |   ^^^^^^^^^^^^
[INFO] [stdout] 
[INFO] [stdout] 
[INFO] [stdout] error: cannot find attribute `experimental` in this scope
[INFO] [stdout]   --> /opt/rustwide/cargo-home/registry/src/github.com-1ecc6299db9ec823/utils-0.0.3/src/empty.rs:21:3
[INFO] [stdout]    |
[INFO] [stdout] 21 | #[experimental]
[INFO] [stdout]    |   ^^^^^^^^^^^^
[INFO] [stdout] 
[INFO] [stdout] 
[INFO] [stdout] error: cannot find attribute `experimental` in this scope
[INFO] [stdout]   --> /opt/rustwide/cargo-home/registry/src/github.com-1ecc6299db9ec823/utils-0.0.3/src/empty.rs:14:3
[INFO] [stdout]    |
[INFO] [stdout] 14 | #[experimental]
[INFO] [stdout]    |   ^^^^^^^^^^^^
[INFO] [stdout] 
[INFO] [stdout] 
[INFO] [stderr]     Checking csv-core v0.1.10
[INFO] [stdout] error[E0609]: no field `output` on type `std::process::Output`
[INFO] [stdout]   --> /opt/rustwide/cargo-home/registry/src/github.com-1ecc6299db9ec823/utils-0.0.3/src/lib.rs:17:36
[INFO] [stdout]    |
[INFO] [stdout] 17 |             match str::from_utf8(p.output.as_slice()).unwrap().trim().parse() {
[INFO] [stdout]    |                                    ^^^^^^ unknown field
[INFO] [stdout]    |
[INFO] [stdout]    = note: available fields are: `status`, `stdout`, `stderr`
[INFO] [stdout] 
[INFO] [stdout] 
[INFO] [stdout] error[E0308]: mismatched types
[INFO] [stdout]   --> /opt/rustwide/cargo-home/registry/src/github.com-1ecc6299db9ec823/utils-0.0.3/src/lib.rs:18:17
[INFO] [stdout]    |
[INFO] [stdout] 17 |             match str::from_utf8(p.output.as_slice()).unwrap().trim().parse() {
[INFO] [stdout]    |                   ----------------------------------------------------------- this expression has type `std::result::Result<_, _>`
[INFO] [stdout] 18 |                 Some(i) => i,
[INFO] [stdout]    |                 ^^^^^^^ expected enum `std::result::Result`, found enum `std::option::Option`
[INFO] [stdout]    |
[INFO] [stdout]    = note: expected enum `std::result::Result<_, _>`
[INFO] [stdout]               found enum `std::option::Option<_>`
[INFO] [stdout] 
[INFO] [stdout] 
[INFO] [stdout] error[E0308]: mismatched types
[INFO] [stdout]   --> /opt/rustwide/cargo-home/registry/src/github.com-1ecc6299db9ec823/utils-0.0.3/src/lib.rs:19:17
[INFO] [stdout]    |
[INFO] [stdout] 17 |             match str::from_utf8(p.output.as_slice()).unwrap().trim().parse() {
[INFO] [stdout]    |                   ----------------------------------------------------------- this expression has type `std::result::Result<_, _>`
[INFO] [stdout] 18 |                 Some(i) => i,
[INFO] [stdout] 19 |                 None    => panic!("unable to cast nproc output!"),
[INFO] [stdout]    |                 ^^^^ expected enum `std::result::Result`, found enum `std::option::Option`
[INFO] [stdout]    |
[INFO] [stdout]    = note: expected enum `std::result::Result<_, _>`
[INFO] [stdout]               found enum `std::option::Option<_>`
[INFO] [stdout] 
[INFO] [stdout] 
[INFO] [stdout] error[E0609]: no field `output` on type `std::process::Output`
[INFO] [stdout]   --> /opt/rustwide/cargo-home/registry/src/github.com-1ecc6299db9ec823/utils-0.0.3/src/lib.rs:41:54
[INFO] [stdout]    |
[INFO] [stdout] 41 |             let mut res =  String::from_utf8_lossy(o.output.as_slice());
[INFO] [stdout]    |                                                      ^^^^^^ unknown field
[INFO] [stdout]    |
[INFO] [stdout]    = note: available fields are: `status`, `stdout`, `stderr`
[INFO] [stdout] 
[INFO] [stdout] 
[INFO] [stdout] error[E0599]: no method named `as_slice` found for reference `&std::string::String` in the current scope
[INFO] [stdout]   --> /opt/rustwide/cargo-home/registry/src/github.com-1ecc6299db9ec823/utils-0.0.3/src/empty.rs:32:14
[INFO] [stdout]    |
[INFO] [stdout] 32 |         self.as_slice().is_empty()
[INFO] [stdout]    |              ^^^^^^^^ method not found in `&std::string::String`
[INFO] [stdout] 
[INFO] [stdout] 
[INFO] [stdout] error: aborting due to 16 previous errors
[INFO] [stdout] 
[INFO] [stdout] 
[INFO] [stdout] Some errors have detailed explanations: E0308, E0599, E0609.
[INFO] [stdout] 
[INFO] [stdout] For more information about an error, try `rustc --explain E0308`.
[INFO] [stdout] 
[INFO] [stderr] error: could not compile `utils`.
[INFO] [stderr] 
[INFO] [stderr] To learn more, run the command again with --verbose.
[INFO] [stderr] warning: build failed, waiting for other jobs to finish...
[INFO] [stderr] error: build failed
[INFO] running `Command { std: "docker" "inspect" "79a5036b4a7c141094a2e30228ec4aeaa13bdf57f46c2fc916473d911f8e7240", kill_on_drop: false }`
[INFO] running `Command { std: "docker" "rm" "-f" "79a5036b4a7c141094a2e30228ec4aeaa13bdf57f46c2fc916473d911f8e7240", kill_on_drop: false }`
[INFO] [stdout] 79a5036b4a7c141094a2e30228ec4aeaa13bdf57f46c2fc916473d911f8e7240
